 be q(s). What is k(b)?
5
Let t = -8 - -10. Suppose x = 2*x + t, -w + x + 7 = 0. Suppose -3*j = -10 - w. Let l(k) = k**3 - 5*k**2 - k + 1. Calculate l(j).
-4
Let m(r) = -6 - r + 4 + 3*r. Let x(y) = y**3 + 4*y**2 + 2*y - 4. Let v be x(-4). Let w be v/21*(-14)/4. Give m(w).
2
Let z(u) = -u**3 + 3*u**2 - 4*u + 3. Let s be z(2). Let m(b) be the third derivative of -b**4/24 + 2*b**2. Calculate m(s).
1
Suppose 0 = 2*u - 22 - 4. Suppose 2*p - 4*p = 3*y - u, -5*y - p + 24 = 0. Let b(i) = -2*i + 2. What is b(y)?
-8
Let f(t) = t**3 - 4*t**2 - 3*t - 5. Let a be f(5). Let y(n) = 5 - a + n**2 - 4*n. Suppose 2*v - 6 + 0 = 0. Give y(v).
-3
Let q(t) = -1 + 5 - 2 - 1 + t. Calculate q(-5).
-4
Suppose 5 = 3*c + b - 8, 2*c - 9 = -b. Let v(x) = -x + 1. Give v(c).
-3
Let y(x) be the first derivative of -x**4/4 - x**3/3 - x**2/2 + 6. Let u(w) = 2*w**3 + 4*w**2 + 2*w + 4. Let v(r) = -u(r) - 3*y(r). Calculate v(0).
-4
Let p(c) be the third derivative of c**4/8 + c**3/3 - 11*c**2. Give p(-2).
-4
Let t(s) = -s**3 - 4*s + 7. Let x(c) = -c**2 - c + 1. Let v(m) = -t(m) + 4*x(m). Give v(4).
-3
Let h(i) be the first derivative of i**3/3 - 5*i**2/2 - 8*i + 33. Determine h(6).
-2
Suppose 2*s = -k + 3, k + s - 6*s + 25 = 0. Let j(w) = -w**3 - 4*w**2 + 4*w + 3. Determine j(k).
8
Let s = 3 + 0. Let d(p) be the second derivative of p + 0 + 1/12*p**4 + 1/2*p**2 - 1/2*p**3. Give d(s).
1
Let t(d) = 18*d**2 - 2 - 12*d**2 - 5*d**2 + 2*d**3. What is t(2)?
18
Let a(m) = 11*m. Let i(u) = -7*u. Let c(h) = -5*a(h) - 8*i(h). Let x be (-2)/((-4)/5)*2. Suppose x*p = -t + 6 + 4, 5*t = -5*p - 10. Calculate c(p).
3
Suppose 0 = -3*x - 2*x + 4*u - 40, 2*u - 22 = 3*x. Let z(q) = -q**3 - 5*q**2 - 6*q - 5. What is z(x)?
3
Let s(g) = 4 + 4*g**3 - 3*g**3 - g**2 + 1 + 8*g**2 + g. Calculate s(-7).
-2
Let t be (-1)/(0 + 1)*1. Let l = 2 + t. Let u(d) be the first derivative of d**2/2 + 1. Give u(l).
1
Let n be -3*1 - (-5 - 0). Let w(d) = -d + d**2 - 3*d + 0*d**2 + 1 + 5*d. Let o(x) = 2*x**2 + 2*x + 3. Let v(b) = 3*o(b) - 7*w(b). What is v(n)?
-4
Suppose -o + 2*x = -26, -3*o + 2*x + 89 - 23 = 0. Suppose s - 5*s - o = 0. Let j(t) = t**3 + 4*t**2 - 3*t + 4. Calculate j(s).
-6
Let n(k) = k**2 - 11*k + 22. Let z be n(8). Let q(g) be the first derivative of g**3 + 3*g**2/2 + 1. What is q(z)?
6
Let z(a) be the third derivative of a**5/60 + a**4/24 + 2*a**3/3 - 22*a**2 + 1. What is z(-4)?
16
Let m(g) = g**2 - 2*g - 4. Let k be m(4). Suppose -b + 5*q + 17 = 0, 5 = -k*b - 3*q + 4. Let s(v) = -b*v**3 - v**2 + 0*v**2 + 1 - 2*v**3. Determine s(-1).
4
Suppose -j + 3*i - 3 = 2*j, -5*i + 5 = -j. Let a(g) = -7 + 2 - 5*g + 4*g. Determine a(j).
-5
Let j(g) be the third derivative of -g**6/120 + g**5/60 + 5*g**3/6 - g**2. Suppose 4*n - 5 = 4*z - 3*z, 0 = -3*z - 15. Calculate j(n).
5
Suppose -5*x - 4*b = -8*b - 13, 5 = x - 2*b. Let l(t) = t**2 + 0*t - x + 0*t - 3*t - 2. Give l(5).
7
Let b(f) be the first derivative of -f**2/2 + 14*f - 50. Give b(7).
7
Let s(h) = -3*h - 2. Let b(z) = -15*z - 9. Let i(w) = 2*b(w) - 11*s(w). Give i(-5).
-11
Let d(f) = 2*f**3 + 4*f**2 + 3*f - 2. Suppose 5*q = -0*q + 15. Let m(x) = x**3 + x**2 + x + 1. Let c(g) = q*m(g) - d(g). What is c(0)?
5
Let n(r) = 2*r**2 + r - 4. Let y(i) = -2*i - 17. Let c be y(-7). Give n(c).
11
Let s(a) = -24*a + 14*a - 7 + 16*a + a**2. Determine s(-8).
9
Suppose 2*u + f - 36 = 2*f, -3*u + 4*f = -54. Let t be (-1)/3*u/(-2). Suppose -1 = -t*x - 3*j - 16, 4*j + 8 = -x. Let k(s) = s + 3. Give k(x).
-1
Let c(s) = s**3 + s**3 + 2 + s**3 - 2*s**3 - 5*s**2 - 8*s. What is c(6)?
-10
Let j(x) be the first derivative of -x**2/2 - 4*x + 1. Suppose 0 = -c + 4*c + 42. Let f = 9 + c. Determine j(f).
1
Suppose -3*f = -1 - 2. Let o(u) = 3*u**2 - 2*u + 2. Let b be o(f). Let d(z) = -z**3 + 2*z**2 + 3*z + 3. Calculate d(b).
3
Let f = -670 - -669. Suppose -7*p = -2*p - 25. Let n(v) = 5*v**2 + 1 - p*v**2 - 3*v**2. What is n(f)?
-2
Let f = 3 - 8. Let i(r) = -3*r + 1 - r - 2 - r**2 + 3. Let t be i(f). Let y(x) = -x - 3. Determine y(t).
0
Let j(z) = -4*z + 5*z + 3 - 4. Let b = 1 + 8. Suppose 0 = -3*u + b, 0 = -2*f + 5*f - 3*u - 6. Calculate j(f).
4
Let j(n) = -n - 4. Let m be j(-6). Let x(h) be the first derivative of h**2 + 3*h + 3*h - 1 - 5*h. Calculate x(m).
5
Suppose 4*x - 10 = -x. Let q be (-4)/(x/(-1 - -3)). Let z(t) = -3*t - 1. Determine z(q).
11
Let p(z) = z - 4. Let t = -33 + 33. What is p(t)?
-4
Let g = -13 - -18. Suppose -r = -g*r + 88. Suppose 2*d + 4*f = -f - r, 3*d - 2*f + 14 = 0. Let q(u) = u**2 + 4*u - 3. What is q(d)?
9
Let k be 0 - -1 - (0 - -3). Suppose l - 4*j + 12 = 0, 3*l - 34 = -2*j - 14. Let p(g) = g - l*g - g**2 + g - 3. Calculate p(k).
-3
Let c(g) = -g**2 - 6*g - 2. Let j = -16 - -10. Determine c(j).
-2
Suppose -5*y + 23 = -2. Let s(l) = -l**2 + 6*l + 1. Let v be s(y). Suppose 5 = -v*z + z. Let h(n) = -8*n**3 - 2*n**2 + 1. Determine h(z).
7
Let k(a) = -2*a + 5. Suppose -3*o + 2*l = o - 32, 5*o - l = 40. Let s(p) = p**2 - 7*p + 4. Let n be s(8). Let h = n - o. Determine k(h).
-3
Let o(t) = -t**3 + t + 1. Let y(x) = -2*x + 10. Let h(r) = 3*r - 11. Let j(c) = -3*h(c) - 4*y(c). Let m be j(-5). Determine o(m).
7
Let w(g) = g**2 - 9*g - 7. Let z be w(10). Let n be -3 + z - -1*2. Suppose n*a - 7*a - 30 = 0. Let l(c) = c**3 + 5*c**2 - 6*c + 1. Give l(a).
1
Suppose -1 = -2*m - x + 4, 0 = 5*m + 5*x - 10. Let d(f) = -m - 6*f + 5*f + 2. Give d(5).
-6
Suppose -10 = -4*r - r. Suppose r*z + 3*z + 20 = 0. Let w(h) = 3*h + 5. Calculate w(z).
-7
Let s = 60 - 58. Let t(k) be the first derivative of -1/4*k**4 + 0*k + 0*k**s - 2/3*k**3 - 3. Determine t(-3).
9
Let a(o) = -2*o + 3. Let s(h) = 4*h**3 + 3*h**2 - 4*h + 1. Let x be s(1). Give a(x).
-5
Let f(w) be the third derivative of w**6/360 - w**5/24 - w**4/24 - 2*w**2. Let a(x) be the second derivative of f(x). Let g be 3*(0 + 8/6). Calculate a(g).
3
Let n(j) = -j**3 - 4*j**2 + 4 - 3*j + 6*j + 2*j. Let t be n(-5). Suppose -5*i - t*m - 13 = -m, 0 = 2*i + 2*m + 2. Let u(z) = z + 9. Determine u(i).
4
Let s(v) = -2*v - 6. Let x(c) = 4*c**3 - c**2 - c - 1. Let q be x(-1). What is s(q)?
4
Let a(o) = o**3 + 6*o**2 + 6*o + 6. Let n = 0 - 0. Suppose 4*i - 2*i - 6 = n. Suppose y = 2*g + 1, 5*g - g = 3*y + i. Give a(y).
1
Let f = 14 - 20. Let b(o) = 4*o**2 - 6*o**2 - 6 - 4*o**2 - o - o**3. Determine b(f).
0
Let p(r) = 9*r - 1. Suppose -12*v + 21 = -3. What is p(v)?
17
Let a(d) = -7*d**2 - d + 2. Let j be a(1). Let z(m) = -m + 2. What is z(j)?
8
Let a(j) = -j**2 + 8*j - 9. Let y be a(6). Let l(c) be the second derivative of -c**2 + c + 0 + 2/3*c**y. What is l(2)?
6
Let i(b) = 3*b**2 - 5*b. Let m(c) be the third derivative of -c**5/15 + 5*c**4/24 - 4*c**2. Let t(h) = -3*i(h) - 2*m(h). Calculate t(4).
4
Let k = 10/37 - -7/111. Let y(w) be the first derivative of 4 + 3/2*w**2 + 3*w + k*w**3. What is y(-2)?
1
Let n(q) be the second derivative of -3*q**5/10 - q**4/6 - q**3/3 - q**2/2 - 3*q. Calculate n(-1).
5
Let h(b) = -b - 8. Suppose 0 = -2*q - 6 + 2. Let z be -3 + (-3 - 0 - q). What is h(z)?
-4
Let f(i) = -9*i + 4. Let l(n) = -4*n + 2. Let a(j) = -2*f(j) + 5*l(j). Suppose 3*z - 1 = 11. Determine a(z).
-6
Let s(k) = -7*k - 13. Let m = -11 + 5. Let x(t) = -8*t - 14. Let l(u) = m*x(u) + 7*s(u). Give l(-5).
-2
Suppose 4*b - 4*r = 0, 0 = 2*b - 0*b - r + 2. Let p = 18 + -15. Let v(w) = 3*w**2 + w**p + 17 - w - 19 + 0*w**3. What is v(b)?
4
Suppose 4 + 5 = 3*t. Let a(j) = -1 - 3*j + t*j + j. What is a(-5)?
-6
Suppose m - 12 = -4*o, 2*o = -0*m + m. Let g(s) = 4 - 9*s - s**o + 10*s - s. Determine g(-4).
-12
Let a be (-2)/8 + 15/12. Let p(r) = -3*r. Give p(a).
-3
Let z(j) = -2*j - 4. Suppose 2*c = 5 + 7. Let m(k) = -k + 2. Let h be m(c). Calculate z(h).
4
Let z(f) = 7*f**3 - 5*f**2 - 5*f - 8. Let a(k) be the second derivative of -k**5/5 + k**4/6 + k**3/2 + 2*k**2 + k. Let l(x) = 5*a(x) + 3*z(x). What is l(5)?
-4
Let o(y) be the second derivative of 3*y**5/20 + y**3/6 + 6*y. Determine o(1).
4
Let n(r) = -r**2 - 7*r + 10. Let v be n(-8). Let z(q) be the second derivative of -q**4/12 - q**3/3 + 3*q**2/2 + 10*q. Give z(v).
-5
Let u(g) be the first derivative of g**2/2 + 7*g - 1. Let i(s) = -s**2 - 4*s - 4. Let m be i(-4). What is u(m)?
3
Let g(r) = -3*r**2 - 28*r - 31. Let m(a) = 2*a**2 + 19*a + 21. Suppose -15 = -2*s - s. Let b(n) = s*g(n) + 7*m(n). Give b(-6).
-2
